 0*y - 2*y + 1 = -z. Let i(k) = z*k - 4*k - 2*k + 4. Let c(d) = -d**2 + 13*d + 6. Let n be c(13). Determine i(n).
-2
Let i(r) = -12*r**2 + 1 - 20*r + r**3 + 21*r + 9*r**2. Calculate i(3).
4
Let l(h) = 2*h + 5. Suppose 4*z = 3*z + 2. Suppose 16 + 2 = z*g. Suppose y + 5*j - 9 - 2 = 0, -3*j = -g. Give l(y).
-3
Let v(l) be the first derivative of l**3/3 + 5*l**2/2 - l + 4. Give v(-4).
-5
Let c(r) = -8*r**3 + r**2 + r. Let p(v) = -v**3 + 5*v**2 + 8*v - 2. Let a be p(6). Let n = -11 + a. What is c(n)?
8
Suppose -6*c - 2*u + 20 = -2*c, 2*c - 10 = 3*u. Suppose -n - 1 = -c*y - 3, 0 = 5*y + 3*n + 14. Let d(v) = -4*v - 1. What is d(y)?
3
Let o(z) = -z**3 + 5*z**2 + 2*z - 3. Let v be -2*5*(-2)/4. Determine o(v).
7
Let p(z) = -z + 3. Let u = 52 + -36. Let i = u - -14. Suppose 3*r = 3*s + i, -4*r + 11 = -2*s - 19. Calculate p(r).
-2
Let z(m) = 545*m + 9 + 1 - 544*m. Give z(-7).
3
Let r(v) = -v**3 + v**2 + v + 19. Suppose -9*f = -3*f + f. Give r(f).
19
Let q(x) be the first derivative of 2 + 1/3*x**3 - 5/2*x**2 + x. Determine q(5).
1
Let g be 118/12 - 17/(-102). Let i(b) = b**3 - 11*b**2 + 12*b - 13. What is i(g)?
7
Let f be 4/(-14) - 333/(-63). Let i(n) = n**3 - 9*n**2 + 3*n - 1. Let m(p) = -2*p**3 + 17*p**2 - 7*p + 2. Let o(g) = f*i(g) + 3*m(g). Give o(5).
-4
Let p = -8 + 7. Let w be p*4/8*0. Let c(m) = m**3 + m**2 - m + 6. Calculate c(w).
6
Suppose 6*q - s = 3*q - 5, -q + 4*s - 9 = 0. Let a(g) = -3*g**3 - g**2 + g + 1. Let t be a(q). Let i(b) = -2*b + 2 + b**t - 1 + 0*b**2. Determine i(2).
1
Suppose d - 4 = -v, -6*v + d + 32 = -v. Let b(k) = k**3 - 5*k**2 - 5*k - 3. Let y be b(v). Let p(o) = o**3 - 3*o**2 + 2*o - 2. Give p(y).
4
Let a(p) be the second derivative of -p**3/6 + 2*p**2 - p. Let b = 14 - 10. Determine a(b).
0
Let g(o) be the third derivative of -1/6*o**3 + 0 - 2*o**2 + 0*o + 1/24*o**4. Suppose 5*r - 3 - 6 = 3*q, 3*q + 3 = 3*r. What is g(r)?
2
Suppose 7*r = 2*r + 30. Let j be ((-6)/r)/(2/(-6)). Let b(c) = -2*c + j*c**2 + c**3 - 2 + 4*c**2 - 5*c**2 - 2*c**3. Calculate b(2).
-6
Let n(j) be the second derivative of -j**5/20 + j**4/4 - j**3/6 - j. Let v = 186 + -184. Calculate n(v).
2
Let r(l) be the third derivative of l**5/60 + 5*l**4/24 - 5*l**3/6 - 8*l**2. What is r(-5)?
-5
Suppose p + 6 = 5*d, 2 = 5*d - 3. Let n(r) = -r**2 + 1. Determine n(p).
0
Suppose 4*y - 9 = -1. Let t(u) = -2*u**3 + 2*u**2 + u + 2. Let a(h) = -4*h**3 + 4*h**2 + 2*h + 4. Let j(f) = -3*a(f) + 7*t(f). Give j(y).
-4
Let v(k) = 0*k + k - 30 - 37 + 52. Calculate v(8).
-7
Let d(m) be the second derivative of m**5/20 + m**4/3 - 5*m**3/6 - 7*m**2/2 - 35*m. Give d(-5).
-7
Let p(m) = -2*m**2 + 2*m + 1. Let t = 30 - 16. Let g = 13 - t. What is p(g)?
-3
Let b = -59 - -56. Let h(t) = 4*t + 2. What is h(b)?
-10
Let o = -1 + 1. Let b(u) be the first derivative of -u - 2 - 1/4*u**4 + 1/3*u**3 - 1/2*u**2. Give b(o).
-1
Let o be ((-4)/(-5))/((-1)/(-5)). Let t(v) be the second derivative of -3/2*v**2 - 7/6*v**3 - 1/12*v**o + 0 - 3*v. Calculate t(-5).
7
Let m(u) = -u + 2. Suppose 185 = c + 4*c. Let t = -25 + c. Let a = -8 + t. Determine m(a).
-2
Let c(q) = 10*q**2 + 10*q - 16. Let y(o) = 3*o + 0 + 3*o**2 - 3 - 2 + 0. Let v(l) = 2*l - 6. Let h be v(4). Let i(z) = h*c(z) - 7*y(z). Calculate i(-3).
-3
Let f(j) be the first derivative of j**4/4 - 2*j**3/3 - j**2 - 3*j + 26. What is f(3)?
0
Let j(y) = 5*y**2 - 4*y**2 + 13 - 45 + 18. Determine j(0).
-14
Suppose 9 = -5*r - 1. Let m be -3 + 6 - (1 + r). Let q(n) = -3*n + 6. Determine q(m).
-6
Suppose 5*u = 3*u - 8. Let k(a) = a - 2. Determine k(u).
-6
Suppose 4*y - 4 = -d - 15, 4*y + 13 = d. Let a(i) = -18*i. Give a(d).
-18
Let o(l) = 2*l + 2. Let v = -5 - -8. Suppose 3*c - 15 - 1 = -f, v*c - 20 = -2*f. Suppose -b = c*q + 7, 3*b + 4*q - 8 = -21. Calculate o(b).
-4
Let o(h) = h**3. Let s(t) = -2*t**3 - 4*t**2 + 4*t - 2. Let p(m) = 3*o(m) + s(m). Let c = 1 + 1. Give p(c).
-2
Let o(b) = 13*b**3 - 7*b. Let a(i) = -6*i**3 + 4*i. Let u(q) = q**2 - 5*q - 9. Let d be u(7). Let z(x) = d*a(x) + 3*o(x). Give z(1).
8
Suppose -w + 4*p - 8 = 8*p, 3*p + 17 = 2*w. Let z(u) = -u**2 + 2*u + 1. Let l(f) = f**3 - 11*f**2 + 16*f. Let q(x) = -l(x) + 6*z(x). Determine q(w).
6
Let j(u) be the first derivative of u**4/4 - u**3/3 + 3*u**2/2 - 2*u - 6. Calculate j(2).
8
Let u(f) = -f + 3. Let k be 6/4 - (-9)/6. Suppose -g - 1 = -k. Calculate u(g).
1
Let d(h) = 2*h**3 - 3*h**2 + 2. Suppose 0 = -3*l - 0*l. Suppose l*q = 5*f - 2*q - 14, -f + 5*q + 12 = 0. Determine d(f).
6
Suppose 31 = 3*h - 5*m, 2*h - 3*m = 34 - 15. Let k(z) = -3*z**2 - z. Let v(w) = -2*w - 2*w**2 - 4*w**2 + 2*w**2. Let r(s) = -3*k(s) + 2*v(s). Calculate r(h).
2
Let p(r) = 4*r + 30. Let f be p(-8). Let w(o) = -o**2 - 3*o - 3. What is w(f)?
-1
Let y(s) = s**2 + s - 1. Let d be 8/6*12/(-8). Let f be d - ((-3)/(-3) - 2). Let l(g) = -g**3 + g**2. Let j be l(f). What is y(j)?
5
Let h(q) be the second derivative of 0 + 2*q - q**2 - 1/20*q**5 + 1/3*q**3 - 1/4*q**4. Give h(-4).
6
Suppose 5*y = y + 8. Suppose 4*j = -3*b + 5*b + 6, 0 = -y*b - 4*j + 18. Let l(x) be the third derivative of x**5/60 - x**3/3 - 4*x**2. Give l(b).
7
Let l(v) be the first derivative of v**7/840 - v**6/180 - v**5/30 - v**4/24 + v**3 - 5. Let h(z) be the third derivative of l(z). Give h(3).
-4
Let d(k) be the second derivative of -2*k + 0 + k**2 - 5/6*k**3 + 1/24*k**4. Let z(f) be the first derivative of d(f). Determine z(0).
-5
Let u(f) be the third derivative of 0 + 0*f - 2/3*f**3 + 1/12*f**4 - 7*f**2. Determine u(3).
2
Suppose 4*r - 3 = 17. Let d(f) = f**3 - 6*f**2 + 3*f + 7. What is d(r)?
-3
Let r(t) = -2*t**3 - t**2 - t + 1. Suppose -5*p = -3*p. Suppose 5*m = -w + 4, -8 + p = -5*m + 3*w. Calculate r(m).
-3
Let g(n) be the first derivative of n**3 - 2*n**2 + 14. Calculate g(3).
15
Let v(w) = -3*w**3 - 10*w**2 - 2*w + 8. Let h(s) = -2*s**3 - 5*s**2 - s + 4. Let r(f) = -5*h(f) + 3*v(f). Give r(5).
-1
Let r(n) = -n. Let f(x) = 7*x - 2. Let m be ((-3)/(-2))/((-1)/(-4)). Let y(t) = m*r(t) + f(t). Calculate y(5).
3
Let u(n) be the first derivative of -n**2/2 - 3*n + 7. What is u(5)?
-8
Let u be (-3)/45*-3 - 104/20. Let p(s) = -s**2 - 6*s - 4. Calculate p(u).
1
Let g be 35/(-10) + 4 + 0. Let x(d) be the first derivative of g*d**2 + 0*d - 2. Calculate x(6).
6
Suppose -l + 2*l = -3. Let j(g) = -2*g**2 + 8. Let n(z) = -z**2 + 4. Let m(a) = 2*j(a) - 5*n(a). What is m(l)?
5
Let l(n) be the first derivative of n**5/20 + n**4/3 - n**3 - 3*n**2/2 + 3*n - 1. Let f(s) be the first derivative of l(s). Calculate f(-5).
2
Let j(g) = 2*g - 3*g + 35 - 20. Let u = 1 - -6. Determine j(u).
8
Let q(n) = n - 1. Let j(y) = -3*y + 1. Let x(h) = j(h) - q(h). Give x(-4).
18
Let o = -5 - -8. Let b(q) = 2*q + q**3 - 4*q**3 + 1 + 2*q**o - 7*q**2 + 8*q**2. Determine b(2).
1
Let m(g) = 2*g - 4. Suppose -3*t = 3*k - 0*k - 9, 5*k = 5. Let z be (18/(-12))/((-1)/2). Suppose t*y = -z*y + 25. Calculate m(y).
6
Let r(g) be the third derivative of -1/60*g**5 + 0*g + 0*g**3 - 1/6*g**4 - g**2 + 0. Suppose -a + 1 = -3*h + 16, -2*a + 4*h - 22 = 0. Calculate r(a).
3
Suppose -6*g = 5*a - 2*g - 7, -5 = -3*a - 2*g. Suppose 3*w - 1 = -3*k + 11, -5*w = -a*k - 36. Let s(m) = m**2 - 5*m + 1. Calculate s(w).
7
Let s be (0 - -2)*10/4. Let h(k) be the third derivative of k**4/12 - 2*k**3/3 + 5*k**2. Give h(s).
6
Let k(n) = -n**3 + 7*n**2 + 4*n - 2. Let x be k(7). Suppose 0 = -4*z + 6 - x. Let a(p) = -p**3 - 4*p**2 + 3*p - 2. Calculate a(z).
8
Let s be (2 - 3)*(-4)/(-4). Let f(w) = 6*w. Give f(s).
-6
Let n(a) = -2*a + 1. Let q be n(1). Let i be (3 + 1 - 1)*q. Let r(p) = -2 - p**2 + 10 - 4 + p. Calculate r(i).
-8
Let b(z) be the first derivative of z**4/4 + 7*z**3/3 - 3*z**2 + 7*z - 33. Give b(-8).
-9
Let u(z) = -z - 2. Let i = -19 - -20. Let a = -4 - i. Determine u(a).
3
Let h(c) be the second derivative of -2*c**2 - 1/6*c**3 + 2*c + 0. Determine h(-4).
0
Suppose -3*d + 8*d + 25 = 0, -2*g + 3*d + 19 = 0. Let m(x) = -g + 0*x - 3 - 2*x + 1. Let b(l) = l**3 - 4*l**2 - 6*l + 1. Let y be b(5). What is m(y)?
4
Let b(o) = o**2 - 9*o**2 - 4 + o**2 + 6*o**2. What is b(-5)?
-29
Let g(d) = d**3 - d**2 - 3*d - 1. Suppose -5*s + 3*k = 6*k - 21, 2*k = s + 1. Suppose 11 - 5 = -s*p. Determine g(p).
-7
Let m(i) be the third derivative of 2*i**2 + 1/60*i**5 - 1/8*i**4 + 0*i - 1/3*i**3 + 0. Suppose -7*f + 27 = -3*f 